5888021 a prime number?
True
Is 20584483 prime?
True
Is 2348779 prime?
True
Is 87497009 a composite number?
False
Is 7665167 prime?
True
Is 319537927 prime?
False
Is 34115173 a prime number?
True
Is 10594097 prime?
True
Is 336964501 a prime number?
True
Is 3683401 composite?
False
Is 784577257 a composite number?
False
Is 38147003 composite?
True
Is 1166171 composite?
True
Is 15905927 composite?
True
Is 558186907 prime?
False
Is 24725203 a composite number?
True
Is 32547451 prime?
True
Is 245127329 composite?
False
Is 2272601 prime?
False
Is 33777977 composite?
True
Is 78067147 prime?
True
Is 231081761 a prime number?
False
Is 604129 a prime number?
False
Is 40594153 prime?
False
Is 3793423 composite?
False
Is 1372531 a prime number?
True
Is 1944947 a prime number?
False
Is 528921467 prime?
True
Is 10480394 prime?
False
Is 14099221 a prime number?
True
Is 2459201 a prime number?
True
Is 24786499 prime?
False
Is 1546927 composite?
False
Is 50855617 a composite number?
False
Is 3534503 a prime number?
False
Is 13756958 a prime number?
False
Is 1342849 a composite number?
False
Is 8659507 prime?
False
Is 431662379 prime?
True
Is 4353227 composite?
True
Is 5158193 a prime number?
False
Is 6479953 a prime number?
True
Is 258275443 composite?
False
Is 17225409 a composite number?
True
Is 96500869 prime?
False
Is 13639303 a composite number?
False
Is 220517 prime?
False
Is 247469 composite?
True
Is 47470217 prime?
True
Is 8074349 composite?
False
Is 17220193 a prime number?
False
Is 3965419 composite?
False
Is 19409059 composite?
False
Is 1482407 prime?
True
Is 134477533 a composite number?
False
Is 3119327 a prime number?
False
Is 630391 a prime number?
True
Is 3803167 prime?
False
Is 41804621 composite?
True
Is 18520909 a composite number?
True
Is 19278581 composite?
True
Is 125440657 composite?
False
Is 325470163 composite?
False
Is 13600247 a composite number?
True
Is 168242241 composite?
True
Is 26462357 composite?
False
Is 9020917 a prime number?
True
Is 222403463 prime?
True
Is 19443526 composite?
True
Is 2348947 prime?
True
Is 133511557 composite?
True
Is 13660463 composite?
False
Is 4350421 composite?
False
Is 8983493 composite?
False
Is 3399629 composite?
True
Is 2291437 composite?
False
Is 5244881 prime?
True
Is 604522 a composite number?
True
Is 119257609 prime?
False
Is 30579017 a prime number?
False
Is 2386465 a composite number?
True
Is 1520953009 prime?
True
Is 2130677 prime?
False
Is 400675703 a prime number?
False
Is 196548133 prime?
False
Is 96489073 composite?
True
Is 17569066 a prime number?
False
Is 20947081 prime?
False
Is 32778247 prime?
True
Is 60488269 prime?
False
Is 1918088347 prime?
False
Is 3221783 a prime number?
True
Is 829743 a composite number?
True
Is 23585249 a composite number?
True
Is 68473291 a prime number?
True
Is 79811699 composite?
True
Is 5618261 composite?
True
Is 1573583 a composite number?
True
Is 99843211 prime?
False
Is 2969003 a composite number?
False
Is 252823807 a composite number?
True
Is 5474129 prime?
True
Is 157324757 prime?
False
Is 82159729 a prime number?
False
Is 44876831 composite?
False
Is 187848299 composite?
False
Is 19750273 composite?
False
Is 14298553 composite?
True
Is 3230719 a prime number?
False
Is 34607 a composite number?
False
Is 5264191 prime?
True
Is 12000841 a prime number?
True
Is 4674967 a prime number?
False
Is 9372751 composite?
False
Is 152746357 prime?
False
Is 201865049 a composite number?
False
Is 472751 a prime number?
True
Is 3191447 a composite number?
True
Is 12846127 a prime number?
False
Is 1012751 a composite number?
False
Is 16134929 a composite number?
False
Is 89170561 a prime number?
True
Is 92433851 prime?
True
Is 27820067 composite?
True
Is 6901043 a composite number?
True
Is 56757013 a composite number?
True
Is 487105595 composite?
True
Is 166989 a composite number?
True
Is 133159009 a prime number?
False
Is 24721663 composite?
True
Is 4424429 prime?
True
Is 67644971 a composite number?
False
Is 5573605 prime?
False
Is 4373579 composite?
True
Is 14773103 a composite number?
False
Is 11198335 prime?
False
Is 273446669 a composite number?
False
Is 394319341 prime?
False
Is 30478037 prime?
True
Is 3231559 a prime number?
True
Is 370653473 prime?
True
Is 158019623 a prime number?
False
Is 173130701 a prime number?
False
Is 2109659 a prime number?
False
Is 3744757 composite?
False
Is 53207117 composite?
False
Is 7807337 a composite number?
True
Is 16462339 composite?
False
Is 56180387 composite?
False
Is 173249 prime?
True
Is 911051 a composite number?
True
Is 206193667 composite?
False
Is 20400803 a prime number?
True
Is 30553397 prime?
False
Is 413284007 prime?
True
Is 771675511 prime?
True
Is 3061295 a prime number?
False
Is 2226029 a prime number?
False
Is 4307557 a composite number?
False
Is 298994651 a prime number?
True
Is 11087933 a composite number?
False
Is 1862134 prime?
False
Is 1927669 a composite number?
False
Is 83619698 a composite number?
True
Is 471467 a composite number?
False
Is 7624409 prime?
False
Is 1890467 a prime number?
True
Is 33607921 a prime number?
False
Is 882506953 a composite number?
True
Is 47065085 a prime number?
False
Is 5827583 a composite number?
True
Is 3252955883 a composite number?
False
Is 2555387 prime?
False
Is 3028747 prime?
True
Is 6991931 a composite number?
True
Is 29121689 a prime number?
False
Is 7410709 a prime number?
False
Is 107396911 a composite number?
True
Is 6172891 a composite number?
True
Is 115867753 prime?
True
Is 132288251 a composite number?
False
Is 105323549 a prime number?
True
Is 17388983 composite?
True
Is 20858699 composite?
True
Is 56801813 composite?
False
Is 3591947 a prime number?
False
Is 6169177 a prime number?
False
Is 1296853 composite?
True
Is 7793827 composite?
True
Is 1295395891 a prime number?
False
Is 272453785 prime?
False
Is 100569745 a prime number?
False
Is 45189653 a prime number?
True
Is 16982401 composite?
False
Is 177802595 a prime number?
False
Is 88004797 prime?
False
Is 8189833 a prime number?
True
Is 504509893 a prime number?
False
Is 83203 prime?
True
Is 1974121 composite?
False
Is 138840353 prime?
False
Is 9371963 a composite number?
False
Is 3626521 a composite number?
False
Is 179178933 a prime number?
False
Is 368593 composite?
False
Is 48697577 a composite number?
False
Is 310141 a composite number?
True
Is 235163083 a composite number?
True
Is 33593789 prime?
True
Is 3242143 prime?
False
Is 4359881 a composite number?
True
Is 5689003 prime?
False
Is 433973663 prime?
False
Is 87823291 composite?
True
Is 59827 prime?
False
Is 875426395 composite?
True
Is 266690227 a composite number?
True
Is 664252753 prime?
True
Is 305342137 a composite number?
True
Is 34123 a composite number?
False
Is 4573069 composite?
False
Is 15608921 a composite number?
False
Is 2319911 a composite number?
True
Is 2005121 prime?
True
Is 43331129 a composite number?
False
Is 30773243 a composite number?
True
Is 4308974 a prime number?
False
Is 5092069 a composite number?
False
Is 25195861 prime?
False
Is 3030387 prime?
False
Is 158351267 prime?
False
Is 7252141 composite?
True
Is 1946537 composite?
False
Is 104726047 composite?
True
Is 309116243 composite?
False
Is 826453 prime?
True
Is 54245033 a prime number?
True
Is 30280373 a prime number?
True
Is 4469681 prime?
True
Is 47762321 a prime number?
True
Is 746441 composite?
True
Is 4452509 prime?
True
Is 428045627 a prime number?
False
Is 4610551 composite?
True
Is 6779657 composite?
False
Is 117528305 prime?
False
Is 7845989 prime?
False
Is 358473419 a prime number?
True
Is 8897671 a composite number?
False
Is 146924177 prime?
True
Is 299199 composite?
True
Is 5660059 composite?
False
Is 71648987 a prime number?
True
Is 19889489 prime?
False
Is 4727137 composite?
True
Is 5662259 a composite number?
True
Is 50155487 composite?
True
Is 11727389 prime?
False
Is 225595 prime?
False
Is 219838603 a composite number?
False
Is 5601559 a composite number?
True
Is 930709 prime?
False
Is 7998343 prime?
False
Is 64647931 prime?
False
Is 64907903 a composite number?
False
Is 6413243 prime?
True
Is 175478 a composite number?
True
Is 1713043 a prime number?
True
Is 1170199 prime?
False
Is 2894971 prime?
True
Is 39669499 prime?
True
Is 9972502 a